2*b + 16. Let w be c(11). Suppose w*a - 12 = 2*a. Suppose 0 = o - a*q - 51, -2*o + o + 56 = -3*q. What are the prime factors of o?
71
List the prime factors of 50529/8 + (-2 - (-30)/16).
2, 1579
Let b be ((-4)/(-6))/(1/93). Suppose -4*a = a - 20. Suppose 0 = 4*i - 2*z - 34, -b = -4*i - i - a*z. What are the prime factors of i?
2, 5
List the prime factors of 1 + 1142/5 - 6/15.
229
Let k(s) = -s - 1. Let q(r) = -23. Let a(x) = -5*k(x) + q(x). What are the prime factors of a(12)?
2, 3, 7
What are the prime factors of (-2599)/(-452)*(-444)/(-1)?
3, 23, 37
Suppose -4*q + 3*f - 7*f + 80 = 0, -70 = -3*q - f. Suppose 87 = -22*i + q*i. What are the prime factors of i?
29
Let t = 40 + -37. What are the prime factors of (56 - 12) + (t - -1)?
2, 3
Suppose 0 = -3*i + 2*i + 4. Suppose -i*q + 10 = q. What are the prime factors of (q + -14)*20/(-6)?
2, 5
Suppose 68*c - 4824 = 62*c. List the prime factors of c.
2, 3, 67
Suppose -4*s = -c + 6*c + 7, -2*s + 3*c + 13 = 0. Suppose s*b = 5*j - 1365, 3*j - b - 1092 = -j. What are the prime factors of j?
3, 7, 13
Let o(y) = y**3 - 19*y**2 + 8*y - 23. Let c be o(19). Suppose 2*g = c - 31. List the prime factors of g.
7
Let v = 5147 - 3438. List the prime factors of v.
1709
List the prime factors of 6 - ((-2385)/(-30))/(3/(-20)).
2, 67
Let a be 638/5 + (-4)/(-10). Suppose -a = 3*s - 7*s. List the prime factors of s.
2
Suppose -51*m + 307678 - 20140 = 0. What are the prime factors of m?
2, 2819
Let q = 2 - -4. Let r(i) = 41*i - 26. List the prime factors of r(q).
2, 5, 11
Let w(d) = -d**2 - 7*d + 3. Let n be w(-7). Suppose 35 = n*u - 43. Let b = -15 + u. What are the prime factors of b?
11
Let s(m) = -78*m + 611. List the prime factors of s(-18).
5, 13, 31
Let v(m) = 4*m**3 - 4*m**2 + 6*m - 12. Let z be v(7). Suppose -o + 4*w + 288 = 0, 4*o + w - z = -w. What are the prime factors of o?
2, 3, 5
Let g = 1 - -149. List the prime factors of g.
2, 3, 5
Let q(r) = r**3 - 5*r**2 + 15*r - 5. Let m = -51 - -55. List the prime factors of q(m).
3, 13
Let o = 61 + -43. List the prime factors of (60/(-33) - (-4)/(-22)) + o.
2
Let y(n) = 9*n. Let d be y(10). Let m = d - 52. List the prime factors of m.
2, 19
Let f(j) = -11*j + 469. What are the prime factors of f(22)?
227
Suppose 3*p = -o + 3*o + 124, 0 = o - 4. Suppose -k = -p - 25. List the prime factors of k.
3, 23
Let v(m) = m**2 + m - 11. Suppose -j - 2*j = 27. What are the prime factors of v(j)?
61
Let c(r) = 10*r - 2. Let l(g) be the second derivative of -g**3/6 - 6*g. Let u(s) = -c(s) - 5*l(s). What are the prime factors of u(-5)?
3
Let u(t) = -30*t - 797. What are the prime factors of u(-40)?
13, 31
Let l(x) = -70*x**3 - 4*x**2 - 4*x + 1. What are the prime factors of l(-2)?
7, 79
Let d = 11 + -8. Suppose -3*s + d*f = f + 110, -f - 143 = 4*s. Let b = 60 + s. What are the prime factors of b?
2, 3
List the prime factors of -7 + 1436 + 8 + -2.
5, 7, 41
Let i(y) = 34*y**3 + 2*y**2 - y - 6. List the prime factors of i(2).
2, 17
Let a = 1315 + -870. List the prime factors of a.
5, 89
Let a(h) = -h**2 - 2*h**3 - 3*h**2 + h - 5*h. Let p be a(-3). List the prime factors of 756/p + 1/(-5).
5
Suppose -3*u + 54*k = 57*k - 1356, -4*u + 1778 = -2*k. What are the prime factors of u?
3, 149
What are the prime factors of (59199/(-105))/(2/(-10))?
2819
Let p(m) = -m**2 - 4*m + 5. Suppose 23 = -5*j - 7. Let h be p(j). Let r = h + 11. What are the prime factors of r?
2
Let i be 46 - 0 - (4 + -1). Suppose i*x = 40*x + 429. List the prime factors of x.
11, 13
Let t = 833 + 880. What are the prime factors of t?
3, 571
Let r(b) = 26*b**2 + 14*b + 11. What are the prime factors of r(-3)?
7, 29
Let q(h) = 25*h + 212. List the prime factors of q(24).
2, 7, 29
Suppose -z - 2856 = -5*m, 2*m + 3*z - 13 - 1126 = 0. What are the prime factors of m?
571
Suppose 0*k - 8*k = -6688. What are the prime factors of k?
2, 11, 19
Let s be 2 - 4 - (3 + -5). Suppose s*g + g = 0. Suppose 5*t - 2*h + 4*h - 124 = g, 4*t + 5*h - 106 = 0. What are the prime factors of t?
2, 3
Let l be (2/((-24)/(-18)))/(3/200). Suppose 3*x - 307 = -l. What are the prime factors of x?
3, 23
Let p be 1/((-1 - 0)/3). Let c(l) = l**2 - 9. Let f be c(p). Let o = f + 58. What are the prime factors of o?
2, 29
Suppose -18270 = -6*v - 1128. What are the prime factors of v?
2857
Let y(m) = 10*m + 8*m + 9 - 7*m. Let l be y(-4). List the prime factors of l/20*(-20)/1.
5, 7
Let p = 463 - 211. Suppose -3*g = -69 - p. List the prime factors of g.
107
Let u be 0 + (-6)/3 - -5. Let g be 246*1*u/6. Suppose -3*c = 3*b - g, -2*c + 5*b = 4 - 51. List the prime factors of c.
2, 3
Let o = 7 - 7. Suppose o = 4*g - 12 + 4. List the prime factors of (-117)/(-4) + g/(-8).
29
Let i(t) = -1387*t**3 + t**2 - 1. List the prime factors of i(-1).
19, 73
Let i be 1*(99 + (-2)/(-1)). Suppose -z = -2*o - 53, -13 - i = -3*z - 3*o. What are the prime factors of z?
43
Let h be 64/(-80) + (-29)/(-5). Suppose -h*l = -221 - 154. What are the prime factors of l?
3, 5
Let p(j) = -9*j**3 + 4*j + 4. Let q(h) = h**3 - 4*h**2 - h + 2. Let x be q(4). What are the prime factors of p(x)?
2, 17
Suppose 0*r + 3*f - 288 = -2*r, -268 = -2*r + 2*f. Let o = 228 - 147. Let g = r - o. List the prime factors of g.
3, 19
Let n = -57 + 57. Suppose 4*w + 4 - 64 = n. List the prime factors of w.
3, 5
Let o(k) = -k**3 + 32*k**2 - 13*k + 43. What are the prime factors of o(30)?
1453
Suppose 0 = 2*m - 3*h - 9, -3*m - m + h + 23 = 0. Suppose -6 = 3*y - 6*y. Suppose -y*d + m*d = 252. What are the prime factors of d?
3, 7
Let g be ((-32)/6)/((-22)/(-99)). Let h = -24 - g. Let z(w) = w + 53. List the prime factors of z(h).
53
Suppose 13*t - 11*t + 610 = 4*f, -3*t - 155 = -f. What are the prime factors of f?
2, 19
Suppose -3*f + 5*s + 11394 = 721, 21411 = 6*f + 3*s. List the prime factors of f.
2, 1783
Let h(s) be the third derivative of s**5/60 + s**4/12 - 4*s**3 - 4*s**2. What are the prime factors of h(-12)?
2, 3
Let i(a) = 3*a**2 + 5*a - 34. List the prime factors of i(-12).
2, 13
Suppose 4*d - 1134 = -2*t, 2 = 2*d - 8. What are the prime factors of t?
557
Let m(y) = -3*y - 2. Let v be m(3). Let j = v - -19. What are the prime factors of j?
2
Let i be ((8 - -4)/(-4))/(-1). Suppose -y + i*y + 20 = 0. Let f = y - -38. List the prime factors of f.
2, 7
Let u be 0 + 1/(-4) - (-289)/68. List the prime factors of 5010/24 + (1/u)/1.
11, 19
Suppose 21*a - 22*a = 3*l - 8312, -11082 = -4*l - a. List the prime factors of l.
2, 5, 277
Let t(s) = -s**2 + s - 1. Let a(n) = -4*n**2 + 5*n - 4. Let h(q) = a(q) - 6*t(q). Let z be h(4). List the prime factors of (-4 - 0)/((-2)/z).
2, 3, 5
Suppose 568 = 5*i + 373. List the prime factors of i.
3, 13
Let q(w) = 478*w**2 + 9*w + 2. What are the prime factors of q(-1)?
3, 157
Suppose 21*b - 25515 = 26187. What are the prime factors of b?
2, 1231
Let f(g) = 84*g**3 - g**2 - 2. Let l be f(2). Suppose -b - 3*m - l = 4*b, -b + 4*m = 124. List the prime factors of (-3 - b)*(-5)/(-15).
43
Let s = -43 - -68. Suppose -2*o - 3*o = -s. Suppose -o*q + 234 = 74. What are the prime factors of q?
2
Suppose -2892 = 10*z - 12*z + 3*c, -5*z + 7223 = -4*c. What are the prime factors of z?
3, 13, 37
Let c(i) = i + 1. Let q be c(2). Suppose -4*t = -4*g - 220, 3*t - 216 = -t + q*g. List the prime factors of (-2)/((-2)/(-3 + t)).
2, 3
Let y = -68 - -38. Let z be 49 + (-1)/(4/(-4)). Let j = z + y. What are the prime factors of j?
2, 5
Let l = -139 - -399. Suppose l = 23*z - 19*z. List the prime factors of z.
5, 13
Let d = -1651 + 2882. List the prime factors of d.
1231
Suppose -2*l = 28 + 16. Let x be l/8*(-9 - -17). Let y = x + 50. What are the prime factors of y?
2, 7
Suppose -39584 = -40*s + 8*s. List the prime factors of s.
1237
Let u(w) = 3*w**2 - 8*w + 6. Let b be u(2). Suppose -b*r = -29 - 205. List the prime factors of r.
3, 13
Let d be (-262 + -2 + (2 - -2))*-1. Let i = -125 + d. What are the prime factors of i?
3, 5
Suppose -8*x + 9272 = 11*x. What are the prime factors of x?
2, 61
Suppose 11 = 5*u - 2*t, 4 = 4*u - 0*t - 4*t. Suppose -u = y + x, -6*y - 24 = -y + 2*x. List the prime factors of 78/y*(-1 + 0).
13
Let a(i) = i**3 + 17*i**2 + 14*i - 14. Let y be a(-16). Suppose -4*b + 10 = c, -2*b - y = -c - 4*b. List the prime factors of c.
2, 13
Let u(h) = 35*h**3 - 2*h**2 + 9*h - 13. Li